{"id":929,"date":"2022-03-08T13:38:46","date_gmt":"2022-03-08T13:38:46","guid":{"rendered":"https:\/\/ifage-grund.de\/wp\/?page_id=929"},"modified":"2022-11-25T11:56:17","modified_gmt":"2022-11-25T11:56:17","slug":"ausstellungsarchiv-27","status":"publish","type":"page","link":"https:\/\/ifage-grund.de\/wp\/?page_id=929","title":{"rendered":"Ausstellungsarchiv (27)"},"content":{"rendered":"\r\n<p><strong>Ungesehene Bilder<br><\/strong><strong>Arbeiten mit Wachs<\/strong><\/p>\r\n\r\n\r\n\r\n<p><strong>Bernd Brach<\/strong><br><strong>Ausstellungszeitraum: 16.09.2021 bis 28.02.2022<\/strong><br><strong><a href=\"https:\/\/ifage-grund.de\/wp\/?page_id=400\">zur\u00fcck zur aktuellen Ausstellung<\/a><\/strong><\/p>\r\n\r\n\r\n\r\n<p>So beschreibt Bernd Brach selbst diese Ausstellung:<\/p>\r\n\r\n\r\n\r\n<p>Meine seit 30 Jahren entwickelte Technik ist die Malerei mit Wachs.<br>Das bedeutet, farbiges Pigment wird mit erhitztem Paraffin-Wachs gebunden und auf festen Untergr\u00fcnden vermalt. Der weiche Materialauftrag geschieht in mehreren Schichten und kann durch Einritzen, Abschaben und Neuauftrag zu differenzierter farblicher und stofflicher Wirkung gef\u00fchrt werden.<br>Kernst\u00fcck der Ausstellung sind Arbeiten, die w\u00e4hrend des Lockdowns in den letzten eineinhalb Jahren entstanden sind. Das Motiv des aufgeschlagenen Buches mit einem Finger dazwischen wurde mir zum INNEHALTEN w\u00e4hrend der Zeit der pandemischen Isolation.<\/p>\r\n\r\n\r\n\r\n\r\n\r\n\r\n\r\nngg_shortcode_0_placeholder\r\n<p>Eine weitere Serie zeigt eine \u2013 noch isolierte Figur, die mit einem Buch liegend, sich die Welt er-tr\u00e4umt, er-liest, er-findet.<br>Erg\u00e4nzt wird die Ausstellung durch Arbeiten, die solit\u00e4r nie in ein Konzept gepasst haben und nun, bislang \u201eungesehen\u201c, dazu treten und die Pr\u00e4sentation abrunden.<\/p>\r\n\r\n\r\n\r\n<p>Die Ausstellung ist bis Februar 2022 im Glaspavillon der IFAGE zu besichtigen.<\/p>\r\n\r\n\r\n\r\n<p><strong>\u00d6ffnungszeiten:<\/strong> Montag bis Freitag von 8:00-18:00 Uhr und Samstag von 8:00-13:00 Uhr<\/p>\r\n\r\n\r\n\r\n<p>Die Ausstellung kann auch aktuell zu den genannten \u00d6ffnungszeiten besucht werden.&nbsp; Beachten Sie bitte die jeweilig aktuell geltenden Vorsichtsma\u00dfnahmen (Abstandsregeln und keine Gruppenbesuche)<\/p>\r\n\r\n\r\n\r\n<p><a href=\"https:\/\/ifage-grund.de\/wp\/?page_id=400\">zur\u00fcck zur aktuellen Ausstellung<\/a><\/p>\r\n","protected":false},"excerpt":{"rendered":"<p>Ungesehene BilderArbeiten mit Wachs Bernd BrachAusstellungszeitraum: 16.09.2021 bis 28.02.2022zur\u00fcck zur aktuellen Ausstellung So beschreibt Bernd Brach selbst diese Ausstellung: Meine seit 30 Jahren entwickelte Technik ist die Malerei mit Wachs.Das bedeutet, farbiges Pigment wird mit erhitztem Paraffin-Wachs gebunden und auf &hellip; <a href=\"https:\/\/ifage-grund.de\/wp\/?page_id=929\">Weiterlesen <span class=\"meta-nav\">&rarr;<\/span><\/a><\/p>\n","protected":false},"author":1,"featured_media":0,"parent":0,"menu_order":0,"comment_status":"closed","ping_status":"closed","template":"","meta":{"ngg_post_thumbnail":0,"footnotes":""},"class_list":["post-929","page","type-page","status-publish","hentry"],"_links":{"self":[{"href":"https:\/\/ifage-grund.de\/wp\/index.php?rest_route=\/wp\/v2\/pages\/929","targetHints":{"allow":["GET"]}}],"collection":[{"href":"https:\/\/ifage-grund.de\/wp\/index.php?rest_route=\/wp\/v2\/pages"}],"about":[{"href":"https:\/\/ifage-grund.de\/wp\/index.php?rest_route=\/wp\/v2\/types\/page"}],"author":[{"embeddable":true,"href":"https:\/\/ifage-grund.de\/wp\/index.php?rest_route=\/wp\/v2\/users\/1"}],"replies":[{"embeddable":true,"href":"https:\/\/ifage-grund.de\/wp\/index.php?rest_route=%2Fwp%2Fv2%2Fcomments&post=929"}],"version-history":[{"count":7,"href":"https:\/\/ifage-grund.de\/wp\/index.php?rest_route=\/wp\/v2\/pages\/929\/revisions"}],"predecessor-version":[{"id":1237,"href":"https:\/\/ifage-grund.de\/wp\/index.php?rest_route=\/wp\/v2\/pages\/929\/revisions\/1237"}],"wp:attachment":[{"href":"https:\/\/ifage-grund.de\/wp\/index.php?rest_route=%2Fwp%2Fv2%2Fmedia&parent=929"}],"curies":[{"name":"wp","href":"https:\/\/api.w.org\/{rel}","templated":true}]}}

<p><strong>Ungesehene Bilder<br></strong><strong>Arbeiten mit Wachs</strong></p>



<p><strong>Bernd Brach</strong><br><strong>Ausstellungszeitraum: 16.09.2021 bis 28.02.2022</strong><br><strong><a href="https://ifage-grund.de/wp/?page_id=400">zurück zur aktuellen Ausstellung</a></strong></p>



<p>So beschreibt Bernd Brach selbst diese Ausstellung:</p>



<p>Meine seit 30 Jahren entwickelte Technik ist die Malerei mit Wachs.<br>Das bedeutet, farbiges Pigment wird mit erhitztem Paraffin-Wachs gebunden und auf festen Untergründen vermalt. Der weiche Materialauftrag geschieht in mehreren Schichten und kann durch Einritzen, Abschaben und Neuauftrag zu differenzierter farblicher und stofflicher Wirkung geführt werden.<br>Kernstück der Ausstellung sind Arbeiten, die während des Lockdowns in den letzten eineinhalb Jahren entstanden sind. Das Motiv des aufgeschlagenen Buches mit einem Finger dazwischen wurde mir zum INNEHALTEN während der Zeit der pandemischen Isolation.</p>







ngg_shortcode_0_placeholder
<p>Eine weitere Serie zeigt eine – noch isolierte Figur, die mit einem Buch liegend, sich die Welt er-träumt, er-liest, er-findet.<br>Ergänzt wird die Ausstellung durch Arbeiten, die solitär nie in ein Konzept gepasst haben und nun, bislang „ungesehen“, dazu treten und die Präsentation abrunden.</p>



<p>Die Ausstellung ist bis Februar 2022 im Glaspavillon der IFAGE zu besichtigen.</p>



<p><strong>Öffnungszeiten:</strong> Montag bis Freitag von 8:00-18:00 Uhr und Samstag von 8:00-13:00 Uhr</p>



<p>Die Ausstellung kann auch aktuell zu den genannten Öffnungszeiten besucht werden.&nbsp; Beachten Sie bitte die jeweilig aktuell geltenden Vorsichtsmaßnahmen (Abstandsregeln und keine Gruppenbesuche)</p>



<p><a href="https://ifage-grund.de/wp/?page_id=400">zurück zur aktuellen Ausstellung</a></p>

<p>Ungesehene BilderArbeiten mit Wachs Bernd BrachAusstellungszeitraum: 16.09.2021 bis 28.02.2022zurück zur aktuellen Ausstellung So beschreibt Bernd Brach selbst diese Ausstellung: Meine seit 30 Jahren entwickelte Technik ist die Malerei mit Wachs.Das bedeutet, farbiges Pigment wird mit erhitztem Paraffin-Wachs gebunden und auf &hellip; <a href="https://ifage-grund.de/wp/?page_id=929">Weiterlesen <span class="meta-nav">&rarr;</span></a></p>
