{"id":352,"date":"2017-09-13T16:52:50","date_gmt":"2017-09-13T16:52:50","guid":{"rendered":"http:\/\/ifage-grund.de\/wp\/?page_id=352"},"modified":"2017-09-13T17:25:42","modified_gmt":"2017-09-13T17:25:42","slug":"test","status":"publish","type":"page","link":"https:\/\/ifage-grund.de\/wp\/?page_id=352","title":{"rendered":"Kontakt"},"content":{"rendered":"<p>Wir k\u00fcmmern uns um die Vermietung, Verwaltung und Instandhaltung der B\u00fcrofl\u00e4chen im Medienpark\u00a0 &#8222;Unter den Eichen 7&#8220; in Wiesbaden. Gerne beantworten wir Ihre Fragen, W\u00fcnsche und Anregungen.<\/p>\n<h4>Ihr Ansprechpartner:<\/h4>\n<p>Herr Christoph Eiser<br \/>\nIFAGE Grundst\u00fccksverwaltungs GmbH<br \/>\nUnter den Eichen 7<br \/>\n65195 Wiesbaden<\/p>\n<p>Telefon: +49 (0)611 17 47 041<br \/>\nTelefax: +49 (0)611\u00a0 17 47 101<br \/>\n<a title=\"Email: info at ifage-grund.de\" href=\"mailto:info@ifage-grund.de\">info(at)ifage-grund.de<\/a><br \/>\n<a href=\"http:\/\/www.ifage-grund.de\">www.ifage-grund.de<\/a><\/p>\n","protected":false},"excerpt":{"rendered":"<p>Wir k\u00fcmmern uns um die Vermietung, Verwaltung und Instandhaltung der B\u00fcrofl\u00e4chen im Medienpark\u00a0 &#8222;Unter den Eichen 7&#8220; in Wiesbaden. Gerne beantworten wir Ihre Fragen, W\u00fcnsche und Anregungen. Ihr Ansprechpartner: Herr Christoph Eiser IFAGE Grundst\u00fccksverwaltungs GmbH Unter den Eichen 7 65195 &hellip; <a href=\"https:\/\/ifage-grund.de\/wp\/?page_id=352\">Weiterlesen <span class=\"meta-nav\">&rarr;<\/span><\/a><\/p>\n","protected":false},"author":1,"featured_media":0,"parent":0,"menu_order":0,"comment_status":"closed","ping_status":"closed","template":"sidebar-page.php","meta":{"ngg_post_thumbnail":0,"footnotes":""},"class_list":["post-352","page","type-page","status-publish","hentry"],"_links":{"self":[{"href":"https:\/\/ifage-grund.de\/wp\/index.php?rest_route=\/wp\/v2\/pages\/352","targetHints":{"allow":["GET"]}}],"collection":[{"href":"https:\/\/ifage-grund.de\/wp\/index.php?rest_route=\/wp\/v2\/pages"}],"about":[{"href":"https:\/\/ifage-grund.de\/wp\/index.php?rest_route=\/wp\/v2\/types\/page"}],"author":[{"embeddable":true,"href":"https:\/\/ifage-grund.de\/wp\/index.php?rest_route=\/wp\/v2\/users\/1"}],"replies":[{"embeddable":true,"href":"https:\/\/ifage-grund.de\/wp\/index.php?rest_route=%2Fwp%2Fv2%2Fcomments&post=352"}],"version-history":[{"count":4,"href":"https:\/\/ifage-grund.de\/wp\/index.php?rest_route=\/wp\/v2\/pages\/352\/revisions"}],"predecessor-version":[{"id":360,"href":"https:\/\/ifage-grund.de\/wp\/index.php?rest_route=\/wp\/v2\/pages\/352\/revisions\/360"}],"wp:attachment":[{"href":"https:\/\/ifage-grund.de\/wp\/index.php?rest_route=%2Fwp%2Fv2%2Fmedia&parent=352"}],"curies":[{"name":"wp","href":"https:\/\/api.w.org\/{rel}","templated":true}]}}

<p>Wir kümmern uns um die Vermietung, Verwaltung und Instandhaltung der Büroflächen im Medienpark  &#8222;Unter den Eichen 7&#8220; in Wiesbaden. Gerne beantworten wir Ihre Fragen, Wünsche und Anregungen.</p>
<h4>Ihr Ansprechpartner:</h4>
<p>Herr Christoph Eiser<br />
IFAGE Grundstücksverwaltungs GmbH<br />
Unter den Eichen 7<br />
65195 Wiesbaden</p>
<p>Telefon: +49 (0)611 17 47 041<br />
Telefax: +49 (0)611  17 47 101<br />
<a title="Email: info at ifage-grund.de" href="mailto:info@ifage-grund.de">info(at)ifage-grund.de</a><br />
<a href="http://www.ifage-grund.de">www.ifage-grund.de</a></p>

<p>Wir kümmern uns um die Vermietung, Verwaltung und Instandhaltung der Büroflächen im Medienpark  &#8222;Unter den Eichen 7&#8220; in Wiesbaden. Gerne beantworten wir Ihre Fragen, Wünsche und Anregungen. Ihr Ansprechpartner: Herr Christoph Eiser IFAGE Grundstücksverwaltungs GmbH Unter den Eichen 7 65195 &hellip; <a href="https://ifage-grund.de/wp/?page_id=352">Weiterlesen <span class="meta-nav">&rarr;</span></a></p>
