{"id":279,"date":"2017-09-08T13:03:31","date_gmt":"2017-09-08T13:03:31","guid":{"rendered":"http:\/\/ifage-grund.de\/wp\/?page_id=279"},"modified":"2017-09-13T17:26:35","modified_gmt":"2017-09-13T17:26:35","slug":"standort","status":"publish","type":"page","link":"https:\/\/ifage-grund.de\/wp\/?page_id=279","title":{"rendered":"Standort"},"content":{"rendered":"<div class=\"articleText\">\n<p>Die Geb\u00e4ude der IFAGE Grundst\u00fccksverwaltung sind Teil des Medienparks &#8222;Unter den Eichen&#8220; und liegen im Norden von Wiesbaden am Rande des Stadtwaldes. Der Standort ist direkt im Gr\u00fcnen und trotzdem citynah: mit dem Auto oder \u00f6ffentlichen Verkehrsmitteln in wenigen Minuten zu erreichen.<\/p>\n<p>Das ehemalige Freizeitgel\u00e4nde &#8222;Unter den Eichen&#8220; wurde seit den f\u00fcnfziger Jahren als Standort f\u00fcr Film- und Fernsehproduktionen genutzt und beherbegte von 1964 bis 1984 die Sendezentrale des Zweiten Deutschen Fernsehens ZDF. W\u00e4hrend dieser Zeit wurden auch die meisten Geb\u00e4ude errichtet und immer wieder modernisiert, so da\u00df in den achziger Jahren mehr als 3000 Mitarbeiter der Film- und Fernsehbranche hier arbeiteten.<\/p>\n<p>Nach dem Umzug des ZDF nach Mainz siedelten sich &#8222;Unter den Eichen&#8220; weitere Firmen und Institutionen an, am Anfang vornehmlich aus der Medienbranche. Mittlerweile sind im Medienpark &#8222;Unter den Eichen&#8220; \u00fcber 100 kleine und gro\u00dfe Unternehmen, Agenturen und Freiberufler hinzugekommen.<\/p>\n<p>Neben der hervorragenden Lage und Erreichbarkeit ist auch die gute Infrastruktur ein gro\u00dfer Vorteil. Eine Postagentur im Hause, ein Bistro, gute Parkm\u00f6glichkeiten rund um die Geb\u00e4ude und das Restaurant &#8222;Camera&#8220; in unmittelbarer N\u00e4he sorgen f\u00fcr kurze Wege w\u00e4hrend der Arbeitszeit.<\/p>\n<p>Die Geb\u00e4ude der IFAGE Grundst\u00fccksverwaltung sind in gepflegtem Zustand und werden von unserem Hausmeister direkt auf dem Gel\u00e4nde betreut. Die B\u00fcror\u00e4ume sind hell und freundlich und mit moderner Haustechnik ausgestattet. Zusammen mit der tollen Lage, der guten Infrastruktur und der netten Nachbarschaft zu anderen Firmen entsteht eine angenehme Atmosph\u00e4re, in der man entspannt und effektiv arbeiten kann.<\/p>\n<\/div>\n","protected":false},"excerpt":{"rendered":"<p>Die Geb\u00e4ude der IFAGE Grundst\u00fccksverwaltung sind Teil des Medienparks &#8222;Unter den Eichen&#8220; und liegen im Norden von Wiesbaden am Rande des Stadtwaldes. Der Standort ist direkt im Gr\u00fcnen und trotzdem citynah: mit dem Auto oder \u00f6ffentlichen Verkehrsmitteln in wenigen Minuten &hellip; <a href=\"https:\/\/ifage-grund.de\/wp\/?page_id=279\">Weiterlesen <span class=\"meta-nav\">&rarr;<\/span><\/a><\/p>\n","protected":false},"author":1,"featured_media":0,"parent":0,"menu_order":0,"comment_status":"closed","ping_status":"closed","template":"sidebar-page.php","meta":{"ngg_post_thumbnail":0,"footnotes":""},"class_list":["post-279","page","type-page","status-publish","hentry"],"_links":{"self":[{"href":"https:\/\/ifage-grund.de\/wp\/index.php?rest_route=\/wp\/v2\/pages\/279","targetHints":{"allow":["GET"]}}],"collection":[{"href":"https:\/\/ifage-grund.de\/wp\/index.php?rest_route=\/wp\/v2\/pages"}],"about":[{"href":"https:\/\/ifage-grund.de\/wp\/index.php?rest_route=\/wp\/v2\/types\/page"}],"author":[{"embeddable":true,"href":"https:\/\/ifage-grund.de\/wp\/index.php?rest_route=\/wp\/v2\/users\/1"}],"replies":[{"embeddable":true,"href":"https:\/\/ifage-grund.de\/wp\/index.php?rest_route=%2Fwp%2Fv2%2Fcomments&post=279"}],"version-history":[{"count":2,"href":"https:\/\/ifage-grund.de\/wp\/index.php?rest_route=\/wp\/v2\/pages\/279\/revisions"}],"predecessor-version":[{"id":344,"href":"https:\/\/ifage-grund.de\/wp\/index.php?rest_route=\/wp\/v2\/pages\/279\/revisions\/344"}],"wp:attachment":[{"href":"https:\/\/ifage-grund.de\/wp\/index.php?rest_route=%2Fwp%2Fv2%2Fmedia&parent=279"}],"curies":[{"name":"wp","href":"https:\/\/api.w.org\/{rel}","templated":true}]}}

<div class="articleText">
<p>Die Gebäude der IFAGE Grundstücksverwaltung sind Teil des Medienparks &#8222;Unter den Eichen&#8220; und liegen im Norden von Wiesbaden am Rande des Stadtwaldes. Der Standort ist direkt im Grünen und trotzdem citynah: mit dem Auto oder öffentlichen Verkehrsmitteln in wenigen Minuten zu erreichen.</p>
<p>Das ehemalige Freizeitgelände &#8222;Unter den Eichen&#8220; wurde seit den fünfziger Jahren als Standort für Film- und Fernsehproduktionen genutzt und beherbegte von 1964 bis 1984 die Sendezentrale des Zweiten Deutschen Fernsehens ZDF. Während dieser Zeit wurden auch die meisten Gebäude errichtet und immer wieder modernisiert, so daß in den achziger Jahren mehr als 3000 Mitarbeiter der Film- und Fernsehbranche hier arbeiteten.</p>
<p>Nach dem Umzug des ZDF nach Mainz siedelten sich &#8222;Unter den Eichen&#8220; weitere Firmen und Institutionen an, am Anfang vornehmlich aus der Medienbranche. Mittlerweile sind im Medienpark &#8222;Unter den Eichen&#8220; über 100 kleine und große Unternehmen, Agenturen und Freiberufler hinzugekommen.</p>
<p>Neben der hervorragenden Lage und Erreichbarkeit ist auch die gute Infrastruktur ein großer Vorteil. Eine Postagentur im Hause, ein Bistro, gute Parkmöglichkeiten rund um die Gebäude und das Restaurant &#8222;Camera&#8220; in unmittelbarer Nähe sorgen für kurze Wege während der Arbeitszeit.</p>
<p>Die Gebäude der IFAGE Grundstücksverwaltung sind in gepflegtem Zustand und werden von unserem Hausmeister direkt auf dem Gelände betreut. Die Büroräume sind hell und freundlich und mit moderner Haustechnik ausgestattet. Zusammen mit der tollen Lage, der guten Infrastruktur und der netten Nachbarschaft zu anderen Firmen entsteht eine angenehme Atmosphäre, in der man entspannt und effektiv arbeiten kann.</p>
</div>

<p>Die Gebäude der IFAGE Grundstücksverwaltung sind Teil des Medienparks &#8222;Unter den Eichen&#8220; und liegen im Norden von Wiesbaden am Rande des Stadtwaldes. Der Standort ist direkt im Grünen und trotzdem citynah: mit dem Auto oder öffentlichen Verkehrsmitteln in wenigen Minuten &hellip; <a href="https://ifage-grund.de/wp/?page_id=279">Weiterlesen <span class="meta-nav">&rarr;</span></a></p>
